is -2004d + 3?
-2004a
In base 13, what is -58 + 3?
-55
In base 7, what is 4 + -41262?
-41255
In base 7, what is -30665 - -1?
-30664
In base 14, what is 76a5 - -2?
76a7
In base 11, what is 0 + 1811?
1811
In base 14, what is -8 - -a931a?
a9312
In base 5, what is -4 - 314431310?
-314431314
In base 7, what is 11 + 220022?
220033
In base 3, what is -1212 - 110202020?
-110211002
In base 6, what is -113 - -5213?
5100
In base 13, what is -621 - 140?
-761
In base 5, what is -43033141 + 1?
-43033140
In base 2, what is -11010111000000 + 100010?
-11010110011110
In base 4, what is 1 + 30103001?
30103002
In base 14, what is a6a - 96?
9b4
In base 5, what is -1342 + 4130?
2233
In base 11, what is -3 - 174725?
-174728
In base 2, what is 111110 - -111010?
1111000
In base 7, what is -564632 + 3?
-564626
In base 12, what is -1b5 - -22?
-193
In base 5, what is 3 - -311221?
311224
In base 5, what is 100 - 3332?
-3232
In base 14, what is 46281 - -5?
46286
In base 3, what is 22 + -122002?
-121210
In base 11, what is -5 - -12159?
12154
In base 12, what is 1674540 - -4?
1674544
In base 14, what is 0 - 2101c?
-2101c
In base 7, what is 111303322 + 0?
111303322
In base 4, what is -123 - -302003033?
302002310
In base 16, what is -453 - -358?
-fb
In base 14, what is db0 + 2?
db2
In base 16, what is 5 + -1da?
-1d5
In base 8, what is -23533 - 173?
-23726
In base 15, what is 12b91 + -1c?
12b74
In base 11, what is 17 - 1744?
-1728
In base 10, what is -5 + -89116?
-89121
In base 9, what is 82 - 58675?
-58583
In base 5, what is -22 - 1131?
-1203
In base 12, what is 53 + -9277?
-9224
In base 6, what is 1 + 231005?
231010
In base 4, what is 103 + -21122?
-21013
In base 16, what is 33 - -36a4?
36d7
In base 15, what is -7 + 80a1?
8099
In base 5, what is -13404 + -201?
-14110
In base 2, what is -110000011101 + -1111001?
-110010010110
In base 15, what is -cca8d - -3?
-cca8a
In base 9, what is -3 - -134318?
134315
In base 10, what is 113856 + -34?
113822
In base 5, what is -104311 + -4?
-104320
In base 10, what is 44 - -44244?
44288
In base 13, what is 18 + b93?
bab
In base 6, what is -340245 - -151?
-340054
In base 2, what is 10010 - -10100001110?
10100100000
In base 13, what is -3371 + -10?
-3381
In base 13, what is -660b - 3b?
-6649
In base 7, what is 2 + -2052025?
-2052023
In base 5, what is -204 + -10014?
-10223
In base 5, what is -32242044 + -2?
-32242101
In base 8, what is -1 - -62372?
62371
In base 5, what is -21102 + -13?
-21120
In base 4, what is -110 - 233111?
-233221
In base 15, what is -128 - -154?
2b
In base 13, what is -52 + -b42?
-b94
In base 13, what is 4 + 17b5?
17b9
In base 12, what is -16b - -67?
-104
In base 11, what is 4a8732 - 3?
4a872a
In base 3, what is 1022021 - 1010012?
12002
In base 12, what is 19a1 - 4?
1999
In base 4, what is 1022020 + -12?
1022002
In base 10, what is 4 + -34974?
-34970
In base 7, what is 0 - -16111?
16111
In base 15, what is -a56 + 14?
-a42
In base 8, what is -1 + -23031?
-23032
In base 5, what is -1042 - -12301?
11204
In base 15, what is -46cb - 68?
-4744
In base 13, what is 348c + -30?
345c
In base 6, what is -3021 - -152?
-2425
In base 16, what is -2175b + -3?
-2175e
In base 8, what is -31716 - 234?
-32152
In base 9, what is -145011 - 3?
-145014
In base 2, what is -1000 + -1011110010?
-1011111010
In base 3, what is -100220211 + -2?
-100220220
In base 9, what is -5 + -71122?
-71127
In base 7, what is 4 - -12121?
12125
In base 4, what is 100220013 - 22?
100213331
In base 5, what is -12001333 - -20?
-12001313
In base 11, what is -335 + -466a?
-49a4
In base 2, what is -101101001000000 + 10?
-101101000111110
In base 9, what is -2410 + 1000?
-1410
In base 12, what is 0 + 232679?
232679
In base 8, what is -3 + -142170?
-142173
In base 10, what is 1 + -22726?
-22725
In base 13, what is -b5027 + 0?
-b5027
In base 10, what is -1332 - -2?
-1330
In base 3, what is 2011211 + 1021?
2020002
In base 10, what is -18 - 545?
-563
In base 2, what is 1000 + -1111011010110?
-1111011001110
In base 11, what is 3 + 13a?
142
In base 9, what is -50 + 1038?
878
In base 15, what is 2 - -4da?
4dc
In base 5, what is -1 + -140021342?
-140021343
In base 3, what is 2120 - -120000000?
120002120
In base 6, what is 2 + 4324440?
4324442
In base 14, what is -5 - -bb216?
bb211
In base 10, what is 7668 - -28?
7696
In base 13, what is -14 + -151a?
-1531
In base 4, what is 11 - 13101032?
-13101021
In base 3, what is 210 - 2221200?
-2220220
In base 14, what is b65 - -5?
b6a
In base 4, what is 33 + -3130033?
-3130000
In base 6, what is -1 + 1235054?
1235053
In base 3, what is 11211211 + -22112?
11112022
In base 16, what is 192f - 17?
1918
In base 15, what is -2ca27 + -4?
-2ca2b
In base 3, what is -20 + 1110102022020?
1110102022000
In base 3, what is -120121011001010 - 1?
-120121011001011
In base 16, what is -8358 - -1?
-8357
In base 6, what is -42522 - 0?
-42522
In base 8, what is -3741146 + 1?
-3741145
In base 11, what is -100918 + -1?
-100919
In base 13, what is -32b56 + -3?
-32b59
In base 8, what is -4733 - 2?
-4735
In base 14, what is -89b - -399?
-502
In base 2, what is 1110111100011010 + 11?
1110111100011101
In base 3, what is 1111 - -21111?
22222
In base 11, what is 1887a5 + 17?
188811
In base 15, what is -243a6 + -3?
-243a9
In base 3, what is -101102102111 - -2?
-101102102102
In base 2, what is 11101011110 + -111000000?
10110011110
In base 3, what is 100 + 1011011120?
1011011220
In base 3, what is -1221210010 + 10?
-1221210000
In base 10, what is -36 - 77863?
-77899
In base 16, what is 5 - 49cd?
-49c8
In base 12, what is -13b35 + -5?
-13b3a
In base 13, what is 11 + -2c8?
-2b7
In base 5, what is 3344 - -434?
4333
In base 12, what is 58a0 + 11?
58b1
In base 10, what is 34 - -25?
59
In base 2, what is 1000100111101 - -100000?
1000101011101
In base 5, what is 1004 + -11232?
-10223
In base 6, what is 522 - -2345?
3311
In base 11, what is -a4503 + 0?
-a4503
In base 14, what is -479 + 125c?
bc3
In base 13, what is -4441 - 61?
-44a2
In base 11, what is -802 - -72?
-740
In base 11, what is 55271 + -1?
55270
In base 14, what is 17 + 383?
39a
In base 9, what is -5 - 7423?
-7428
In base 14, what is 5 - -17962?
17967
In base 11, what is 7 + 9289?
9295
In base 3, what is 12102121 - -211110?
20021001
In base 10, what is 242869 - -1?
242870
In base 7, what is 5431025 + 5?
5431033
In base 7, what is 144 + 10?
154
In base 10, what is 5 - -48227?
48232
In base 13, what is -20 + 10072?
10052
In base 9, what is 3 + -458488?
-458485
In base 14, what is -1052a + 9?
-10521
In base 4, what is 312 - -131103?
132021
In base 8, what is -5 - -3523?
3516
In base 12, what is -1 - 6165?
-6166
In base 5, what is -10 + 13243314?
13243304
In base 9, what is -47802 + -5?
-47807
In base 7, what is 55515 - 1240?
54245
In base 9, what is 17 + 21070?
21087
In base 4, what is 2 + 120312?
120320
In base 6, what is 3453033 + 3?
3453040
In base 14, what is 8aa26 - 2?
8aa24
In base 6, what is 5 + -32232?
-32223
In base 4, what is -32 - 32233302?
-32300000
In base 13, what is -8 - -22a3?
2298
In base 10, what is -178 - 1776?
-1954
In base 6, what is 4 + 225155?
225203
In base 4, what is -332230213 - 1?
-332230220
In base 11, what is 30083 - -2?
30085
In base 2, what is -110111000000101 - -100000011?
-110110100000010
In base 2, what is -10010010000000 - 10101?
-10010010010101
In base 6, what is -2 + 2411313?
2411311
In base 3, what is -2120010221201 + -2?
-2120010221210
In base 3, what is -10 + -1000212010222?
-1000212011002
In base 3, what is 12002 + 2210220?
2222222
In base 16, what is -2a + 1dc?
1b2
In base 8, what is -126 + 5662?
5534
In base 9, what is 73533 + 0?
73533
In base 12, what is 7 - -4996a5?
4996b0
In base 11, what is 3170 - 29a?
2981
In base 5, what is 3 - 12222021?
-12222013
In base 9, what is -287 - 18?
-316
In base 11, what is 10121 - 38a?
a842
In base 15, what is 159be - 2?
159bc
In base 2, what is -101 + 1111110010011010?
1111110010010101
In base 14, what is 2 - -2b4d58?
2b4d5a
In base 10, what is 26748 + -2?
26746
In base 8, what is -5 - -4716?
4711
In base 15, what is 1 + -3b3c7?
-3b3c6
In base 13, what is 24 - -abb?
b12
In base 14, what is -33b5 + 0?
-33b5
In base 12, what is 11300b + 3?
113012
In base 3, what is -1010122200 - -11?
-1010122112
In base 2, what is 0 + -1100101111001?
-1100101